{"id":26,"date":"2025-10-01T08:04:00","date_gmt":"2025-10-01T07:04:00","guid":{"rendered":"https:\/\/demo.casethemes.net\/consultio-business5\/?page_id=26"},"modified":"2025-11-11T18:45:41","modified_gmt":"2025-11-11T17:45:41","slug":"mot-du-directeur","status":"publish","type":"page","link":"https:\/\/skillsconsulting.ma\/index.php\/mot-du-directeur\/","title":{"rendered":"Mot du Directeur"},"content":{"rendered":"\t\t<div data-elementor-type=\"wp-page\" data-elementor-id=\"26\" class=\"elementor elementor-26\">\n\t\t\t\t        <section class=\"elementor-section elementor-top-section elementor-element elementor-element-bf4d915 elementor-section-boxed elementor-section-height-default elementor-section-height-default ct-header-fixed-none ct-row-max-none\" data-id=\"bf4d915\" data-element_type=\"section\" data-e-type=\"section\">\n            \n                        <div class=\"elementor-container elementor-column-gap-extended \">\n                    <div class=\"elementor-column elementor-col-50 elementor-top-column elementor-element elementor-element-5282614\" data-id=\"5282614\" data-element_type=\"column\" data-e-type=\"column\">\n        <div class=\"elementor-widget-wrap elementor-element-populated\">\n                    \n                <section class=\"elementor-section elementor-inner-section elementor-element elementor-element-6b326e2 elementor-section-boxed elementor-section-height-default elementor-section-height-default ct-header-fixed-none ct-row-max-none\" data-id=\"6b326e2\" data-element_type=\"section\" data-e-type=\"section\">\n            \n                        <div class=\"elementor-container elementor-column-gap-extended \">\n                    <div class=\"elementor-column elementor-col-100 elementor-inner-column elementor-element elementor-element-71555f1\" data-id=\"71555f1\" data-element_type=\"column\" data-e-type=\"column\">\n        <div class=\"elementor-widget-wrap elementor-element-populated\">\n                    \n        \r\n\t\t<div class=\"elementor-element elementor-element-9d091b6 elementor-widget elementor-widget-ct_heading\" data-id=\"9d091b6\" data-element_type=\"widget\" data-e-type=\"widget\" data-widget_type=\"ct_heading.default\">\n\t\t\t\t<div class=\"elementor-widget-container\">\n\t\t\t\t\t<div id=\"ct_heading-9d091b6\" class=\"ct-heading h-align- sub- ct-heading-left item-st-line-left1\">\r\n    <div class=\"ct-item--inner\">\r\n        <div class=\"ct-inline-css\" data-css=\"\r\n            \">\r\n        <\/div>\r\n                <h3 class=\"item--title st-line-left1 case-animate-time\" data-wow-delay=\"ms\">\r\n                        <span class=\"sp-main\">\r\n                                    <i><\/i>\r\n                \r\n                Chers clients, partenaires et visiteurs,\r\n                \r\n                            <\/span>\r\n                    <\/h3>\r\n    <\/div>\r\n<\/div>\t\t\t\t<\/div>\n\t\t\t\t<\/div>\n\t\t\t\t<div class=\"elementor-element elementor-element-176c3a2 elementor-widget elementor-widget-text-editor\" data-id=\"176c3a2\" data-element_type=\"widget\" data-e-type=\"widget\" data-widget_type=\"text-editor.default\">\n\t\t\t\t\t\t\t\t\t<p class=\"my-2 [&amp;+p]:mt-4 [&amp;_strong:has(+br)]:inline-block [&amp;_strong:has(+br)]:pb-2\">Depuis plus de 15 ans, notre cabinet accompagne les organisations dans leurs d\u00e9marches d&#8217;excellence op\u00e9rationnelle, de s\u00e9curit\u00e9 et de conformit\u00e9. Chaque jour, nous aidons des entreprises de tous secteurs \u00e0 transformer leurs d\u00e9fis en opportunit\u00e9s, leurs contraintes r\u00e9glementaires en avantages concurrentiels.<\/p>\n<p class=\"my-2 [&amp;+p]:mt-4 [&amp;_strong:has(+br)]:inline-block [&amp;_strong:has(+br)]:pb-2\"><strong>Pourquoi avons-nous cr\u00e9\u00e9 ce cabinet ?<\/strong>\u00a0<\/p>\n<p class=\"my-2 [&amp;+p]:mt-4 [&amp;_strong:has(+br)]:inline-block [&amp;_strong:has(+br)]:pb-2\">Parce que nous croyons profond\u00e9ment que la qualit\u00e9, la s\u00e9curit\u00e9 de l&#8217;information et l&#8217;excellence en gestion de projets ne doivent pas \u00eatre per\u00e7ues comme des fardeaux administratifs, mais comme des leviers strat\u00e9giques de performance et de diff\u00e9renciation.<\/p>\n<p class=\"my-2 [&amp;+p]:mt-4 [&amp;_strong:has(+br)]:inline-block [&amp;_strong:has(+br)]:pb-2\">Trop souvent, nous avons constat\u00e9 que les organisations abordent les certifications ISO ou les audits de s\u00e9curit\u00e9 comme de simples exercices de conformit\u00e9, d\u00e9connect\u00e9s de leurs enjeux business r\u00e9els.\u00a0<\/p>\t\t\t\t\t\t\t\t<\/div>\n\t\t\t\t<div class=\"elementor-element elementor-element-ba15496 elementor-widget elementor-widget-ct_heading\" data-id=\"ba15496\" data-element_type=\"widget\" data-e-type=\"widget\" data-widget_type=\"ct_heading.default\">\n\t\t\t\t<div class=\"elementor-widget-container\">\n\t\t\t\t\t<div id=\"ct_heading-ba15496\" class=\"ct-heading h-align- sub- ct-heading-left item-st-line-right1\">\r\n    <div class=\"ct-item--inner\">\r\n        <div class=\"ct-inline-css\" data-css=\"\r\n            \">\r\n        <\/div>\r\n                <h3 class=\"item--title st-line-right1 case-animate-time\" data-wow-delay=\"ms\">\r\n                        <span class=\"sp-main\">\r\n                                    <i><\/i>\r\n                \r\n                Un syst\u00e8me de management efficace doit \u00eatre au service de votre strat\u00e9gie, pas l&#8217;inverse\r\n                \r\n                            <\/span>\r\n                    <\/h3>\r\n    <\/div>\r\n<\/div>\t\t\t\t<\/div>\n\t\t\t\t<\/div>\n\t\t\t\t<div class=\"elementor-element elementor-element-3cce800 elementor-widget elementor-widget-text-editor\" data-id=\"3cce800\" data-element_type=\"widget\" data-e-type=\"widget\" data-widget_type=\"text-editor.default\">\n\t\t\t\t\t\t\t\t\t<p class=\"my-2 [&amp;+p]:mt-4 [&amp;_strong:has(+br)]:inline-block [&amp;_strong:has(+br)]:pb-2\">C&#8217;est cette philosophie qui guide notre approche : pragmatisme, excellence technique et orientation r\u00e9sultats.<\/p>\n<p class=\"my-2 [&amp;+p]:mt-4 [&amp;_strong:has(+br)]:inline-block [&amp;_strong:has(+br)]:pb-2\">Nous ne vous vendons pas des proc\u00e9dures, nous construisons avec vous des syst\u00e8mes qui fonctionnent, qui cr\u00e9ent de la valeur et que vos \u00e9quipes s&#8217;approprient naturellement.<\/p>\n<p class=\"my-2 [&amp;+p]:mt-4 [&amp;_strong:has(+br)]:inline-block [&amp;_strong:has(+br)]:pb-2\">Nos consultants ne sont pas de simples auditeurs : ce sont des experts op\u00e9rationnels qui ont v\u00e9cu les d\u00e9fis que vous rencontrez.<\/p>\n<p class=\"my-2 [&amp;+p]:mt-4 [&amp;_strong:has(+br)]:inline-block [&amp;_strong:has(+br)]:pb-2\">Ils apportent une expertise technique pointue alli\u00e9e \u00e0 une compr\u00e9hension fine des r\u00e9alit\u00e9s terrain.<\/p>\n<p class=\"my-2 [&amp;+p]:mt-4 [&amp;_strong:has(+br)]:inline-block [&amp;_strong:has(+br)]:pb-2\">Nous sommes fiers d&#8217;afficher un taux de r\u00e9ussite de 95% aux certifications\u00a0que nous accompagnons, mais nous sommes encore plus fiers des transformations durables que nous cr\u00e9ons dans nos organisations clientes.<\/p>\n<p class=\"my-2 [&amp;+p]:mt-4 [&amp;_strong:has(+br)]:inline-block [&amp;_strong:has(+br)]:pb-2\">Un projet r\u00e9ussi n&#8217;est pas celui qui obtient un certificat, mais celui qui am\u00e9liore concr\u00e8tement la performance, r\u00e9duit les risques et renforce la satisfaction des parties prenantes.<\/p>\n<p class=\"my-2 [&amp;+p]:mt-4 [&amp;_strong:has(+br)]:inline-block [&amp;_strong:has(+br)]:pb-2\">Merci de votre confiance. Nous serions honor\u00e9s de vous accompagner dans vos projets d&#8217;excellence.<\/p>\t\t\t\t\t\t\t\t<\/div>\n\t\t\t\t<div class=\"elementor-element elementor-element-49fda913 elementor-widget elementor-widget-ct_clients_list\" data-id=\"49fda913\" data-element_type=\"widget\" data-e-type=\"widget\" data-widget_type=\"ct_clients_list.default\">\n\t\t\t\t<div class=\"elementor-widget-container\">\n\t\t\t\t\t    <div class=\"ct-client1 ct-slick-slider style2\">\r\n        <div class=\"ct-clients-list-inner\">\r\n            <div class=\"ct-slick-carousel\" data-arrows=\"\" data-dots=\"true\" data-pauseOnHover=\"\" data-autoplay=\"true\" data-autoplaySpeed=\"1000\" data-infinite=\"true\" data-speed=\"300\" data-colxs=\"1\" data-colsm=\"3\" data-colmd=\"6\" data-collg=\"6\" data-colxl=\"6\" data-dir=\"false\" data-slidesToScroll=\"1\">\r\n                                        <div class=\"slick-slide\">\r\n                            <div class=\"client-image \">\r\n                                <a href=\"#\">\r\n                                    <img fetchpriority=\"high\" decoding=\"async\" width=\"600\" height=\"600\" src=\"https:\/\/skillsconsulting.ma\/wp-content\/uploads\/2025\/11\/iso27001-LA.png\" class=\"ct-thumb-1 attachment-full\" alt=\"\" \/>                                                                    <\/a>\r\n                            <\/div>\r\n                        <\/div>\r\n                                                            <div class=\"slick-slide\">\r\n                            <div class=\"client-image \">\r\n                                <a href=\"#\">\r\n                                    <img decoding=\"async\" width=\"600\" height=\"600\" src=\"https:\/\/skillsconsulting.ma\/wp-content\/uploads\/2025\/11\/iso27001-SLI.png\" class=\"ct-thumb-1 attachment-full\" alt=\"\" \/>                                                                    <\/a>\r\n                            <\/div>\r\n                        <\/div>\r\n                                                            <div class=\"slick-slide\">\r\n                            <div class=\"client-image \">\r\n                                <a href=\"#\">\r\n                                    <img decoding=\"async\" width=\"600\" height=\"600\" src=\"https:\/\/skillsconsulting.ma\/wp-content\/uploads\/2025\/11\/iso27001-2022-T.png\" class=\"ct-thumb-1 attachment-full\" alt=\"\" \/>                                                                    <\/a>\r\n                            <\/div>\r\n                        <\/div>\r\n                                                            <div class=\"slick-slide\">\r\n                            <div class=\"client-image \">\r\n                                <a href=\"#\">\r\n                                    <img loading=\"lazy\" decoding=\"async\" width=\"600\" height=\"600\" src=\"https:\/\/skillsconsulting.ma\/wp-content\/uploads\/2025\/11\/iso27005-LRM.png\" class=\"ct-thumb-1 attachment-full\" alt=\"\" \/>                                                                    <\/a>\r\n                            <\/div>\r\n                        <\/div>\r\n                                                            <div class=\"slick-slide\">\r\n                            <div class=\"client-image \">\r\n                                <a href=\"#\">\r\n                                    <img loading=\"lazy\" decoding=\"async\" width=\"600\" height=\"600\" src=\"https:\/\/skillsconsulting.ma\/wp-content\/uploads\/2025\/11\/iso31000-SLRM.png\" class=\"ct-thumb-1 attachment-full\" alt=\"\" \/>                                                                    <\/a>\r\n                            <\/div>\r\n                        <\/div>\r\n                                                            <div class=\"slick-slide\">\r\n                            <div class=\"client-image \">\r\n                                <a href=\"#\">\r\n                                    <img loading=\"lazy\" decoding=\"async\" width=\"1024\" height=\"408\" src=\"https:\/\/skillsconsulting.ma\/wp-content\/uploads\/2025\/11\/cisa.png\" class=\"ct-thumb-1 attachment-full\" alt=\"\" \/>                                                                    <\/a>\r\n                            <\/div>\r\n                        <\/div>\r\n                                                            <div class=\"slick-slide\">\r\n                            <div class=\"client-image \">\r\n                                <a href=\"#\">\r\n                                    <img loading=\"lazy\" decoding=\"async\" width=\"975\" height=\"488\" src=\"https:\/\/skillsconsulting.ma\/wp-content\/uploads\/2025\/11\/cism.png\" class=\"ct-thumb-1 attachment-full\" alt=\"\" \/>                                                                    <\/a>\r\n                            <\/div>\r\n                        <\/div>\r\n                                                            <div class=\"slick-slide\">\r\n                            <div class=\"client-image \">\r\n                                <a href=\"#\">\r\n                                    <img loading=\"lazy\" decoding=\"async\" width=\"164\" height=\"164\" src=\"https:\/\/skillsconsulting.ma\/wp-content\/uploads\/2025\/11\/pmp.png\" class=\"ct-thumb-1 attachment-full\" alt=\"\" \/>                                                                    <\/a>\r\n                            <\/div>\r\n                        <\/div>\r\n                                                <\/div>\r\n        <\/div>\r\n    <\/div>\r\n\t\t\t\t<\/div>\n\t\t\t\t<\/div>\n\t\t            <\/div>\n        <\/div>\n                    <\/div>\n        <\/section>\n                    <\/div>\n        <\/div>\n                <div class=\"elementor-column elementor-col-50 elementor-top-column elementor-element elementor-element-07e4861\" data-id=\"07e4861\" data-element_type=\"column\" data-e-type=\"column\">\n        <div class=\"elementor-widget-wrap elementor-element-populated\">\n                    \n        \t\t<div class=\"elementor-element elementor-element-1548748 elementor-widget elementor-widget-image\" data-id=\"1548748\" data-element_type=\"widget\" data-e-type=\"widget\" data-widget_type=\"image.default\">\n\t\t\t\t\t\t\t\t\t\t\t\t\t\t\t<img loading=\"lazy\" decoding=\"async\" width=\"968\" height=\"1210\" src=\"https:\/\/skillsconsulting.ma\/wp-content\/uploads\/2025\/10\/elbaz-mourad.png\" class=\"attachment-full size-full wp-image-10390\" alt=\"\" srcset=\"https:\/\/skillsconsulting.ma\/wp-content\/uploads\/2025\/10\/elbaz-mourad.png 968w, https:\/\/skillsconsulting.ma\/wp-content\/uploads\/2025\/10\/elbaz-mourad-240x300.png 240w, https:\/\/skillsconsulting.ma\/wp-content\/uploads\/2025\/10\/elbaz-mourad-819x1024.png 819w, https:\/\/skillsconsulting.ma\/wp-content\/uploads\/2025\/10\/elbaz-mourad-768x960.png 768w, https:\/\/skillsconsulting.ma\/wp-content\/uploads\/2025\/10\/elbaz-mourad-600x750.png 600w\" sizes=\"(max-width: 968px) 100vw, 968px\" \/>\t\t\t\t\t\t\t\t\t\t\t\t\t\t\t<\/div>\n\t\t\t\t<div class=\"elementor-element elementor-element-41e6e03 elementor-widget elementor-widget-ct_signature\" data-id=\"41e6e03\" data-element_type=\"widget\" data-e-type=\"widget\" data-widget_type=\"ct_signature.default\">\n\t\t\t\t<div class=\"elementor-widget-container\">\n\t\t\t\t\t<div class=\"ct-signature1  style1\">\r\n\t    <div class=\"signature-meta\">\r\n    \t<h3>Mourad EL BAZ<\/h3>\r\n    \t<span>Directeur G\u00e9n\u00e9ral<\/span>\r\n    <\/div>\r\n<\/div>\r\n\t\t\t\t<\/div>\n\t\t\t\t<\/div>\n\t\t\t\t<div class=\"elementor-element elementor-element-dffa2c1 elementor-widget elementor-widget-image\" data-id=\"dffa2c1\" data-element_type=\"widget\" data-e-type=\"widget\" data-widget_type=\"image.default\">\n\t\t\t\t\t\t\t\t\t\t\t\t\t\t\t<img loading=\"lazy\" decoding=\"async\" width=\"350\" height=\"1\" src=\"https:\/\/skillsconsulting.ma\/wp-content\/uploads\/2019\/12\/about-gap.png\" class=\"attachment-full size-full wp-image-1896\" alt=\"\" srcset=\"https:\/\/skillsconsulting.ma\/wp-content\/uploads\/2019\/12\/about-gap.png 350w, https:\/\/skillsconsulting.ma\/wp-content\/uploads\/2019\/12\/about-gap-300x1.png 300w, https:\/\/skillsconsulting.ma\/wp-content\/uploads\/2019\/12\/about-gap-150x1.png 150w, https:\/\/skillsconsulting.ma\/wp-content\/uploads\/2019\/12\/about-gap-250x1.png 250w\" sizes=\"(max-width: 350px) 100vw, 350px\" \/>\t\t\t\t\t\t\t\t\t\t\t\t\t\t\t<\/div>\n\t\t\t\t<div class=\"elementor-element elementor-element-a30e59a elementor-widget elementor-widget-text-editor\" data-id=\"a30e59a\" data-element_type=\"widget\" data-e-type=\"widget\" data-widget_type=\"text-editor.default\">\n\t\t\t\t\t\t\t\t\t<p class=\"my-2 [&amp;+p]:mt-4 [&amp;_strong:has(+br)]:inline-block [&amp;_strong:has(+br)]:pb-2\">Auditeur certifi\u00e9 et Consultant-formateur s\u00e9nior, sp\u00e9cialis\u00e9 en gestion de projets, avec plus de vingt ans d\u2019exp\u00e9rience au service d\u2019entreprises nationales et multinationales op\u00e9rant dans des secteurs vari\u00e9s tels que la finance, les banques, les assurances, l\u2019automobile, les t\u00e9l\u00e9communications et l\u2019industrie agroalimentaire.<\/p>\t\t\t\t\t\t\t\t<\/div>\n\t\t            <\/div>\n        <\/div>\n                    <\/div>\n        <\/section>\n                <section class=\"elementor-section elementor-top-section elementor-element elementor-element-720bd044 elementor-section-stretched elementor-section-boxed elementor-section-height-default elementor-section-height-default ct-header-fixed-none ct-row-max-none\" data-id=\"720bd044\" data-element_type=\"section\" data-e-type=\"section\" data-settings=\"{&quot;stretch_section&quot;:&quot;section-stretched&quot;,&quot;background_background&quot;:&quot;classic&quot;}\">\n            \n                        <div class=\"elementor-container elementor-column-gap-extended \">\n                    <div class=\"elementor-column elementor-col-100 elementor-top-column elementor-element elementor-element-1f6a8df8\" data-id=\"1f6a8df8\" data-element_type=\"column\" data-e-type=\"column\">\n        <div class=\"elementor-widget-wrap\">\n                    \n                    <\/div>\n        <\/div>\n                    <\/div>\n        <\/section>\n        \t\t<\/div>\n\t\t","protected":false},"excerpt":{"rendered":"<p>Chers clients, partenaires et visiteurs, Depuis plus de 15 ans, notre cabinet accompagne les organisations dans leurs d\u00e9marches d&#8217;excellence op\u00e9rationnelle, de s\u00e9curit\u00e9 et de conformit\u00e9. Chaque jour, nous aidons des entreprises de tous secteurs \u00e0 transformer leurs d\u00e9fis en opportunit\u00e9s, leurs contraintes r\u00e9glementaires en avantages concurrentiels. Pourquoi avons-nous cr\u00e9\u00e9 ce cabinet ?\u00a0 Parce que nous [&hellip;]<\/p>\n","protected":false},"author":1,"featured_media":0,"parent":0,"menu_order":0,"comment_status":"closed","ping_status":"closed","template":"","meta":{"footnotes":""},"class_list":["post-26","page","type-page","status-publish","hentry"],"yoast_head":"<!-- This site is optimized with the Yoast SEO plugin v27.2 - https:\/\/yoast.com\/product\/yoast-seo-wordpress\/ -->\n<title>Mot du Directeur - Skills Campus - Audit &amp; Consulting<\/title>\n<meta name=\"robots\" content=\"noindex, follow, max-snippet:-1, max-image-preview:large, max-video-preview:-1\" \/>\n<meta property=\"og:locale\" content=\"en_US\" \/>\n<meta property=\"og:type\" content=\"article\" \/>\n<meta property=\"og:title\" content=\"Mot du Directeur - Skills Campus - Audit &amp; Consulting\" \/>\n<meta property=\"og:description\" content=\"Chers clients, partenaires et visiteurs, Depuis plus de 15 ans, notre cabinet accompagne les organisations dans leurs d\u00e9marches d&#8217;excellence op\u00e9rationnelle, de s\u00e9curit\u00e9 et de conformit\u00e9. Chaque jour, nous aidons des entreprises de tous secteurs \u00e0 transformer leurs d\u00e9fis en opportunit\u00e9s, leurs contraintes r\u00e9glementaires en avantages concurrentiels. Pourquoi avons-nous cr\u00e9\u00e9 ce cabinet ?\u00a0 Parce que nous [&hellip;]\" \/>\n<meta property=\"og:url\" content=\"https:\/\/skillsconsulting.ma\/index.php\/mot-du-directeur\/\" \/>\n<meta property=\"og:site_name\" content=\"Skills Campus - Audit &amp; Consulting\" \/>\n<meta property=\"article:modified_time\" content=\"2025-11-11T17:45:41+00:00\" \/>\n<meta property=\"og:image\" content=\"https:\/\/skillsconsulting.ma\/wp-content\/uploads\/2025\/11\/iso27001-LA.png\" \/>\n<meta name=\"twitter:card\" content=\"summary_large_image\" \/>\n<meta name=\"twitter:label1\" content=\"Est. reading time\" \/>\n\t<meta name=\"twitter:data1\" content=\"5 minutes\" \/>\n<script type=\"application\/ld+json\" class=\"yoast-schema-graph\">{\"@context\":\"https:\/\/schema.org\",\"@graph\":[{\"@type\":\"WebPage\",\"@id\":\"https:\/\/skillsconsulting.ma\/index.php\/mot-du-directeur\/\",\"url\":\"https:\/\/skillsconsulting.ma\/index.php\/mot-du-directeur\/\",\"name\":\"Mot du Directeur - Skills Campus - Audit &amp; Consulting\",\"isPartOf\":{\"@id\":\"https:\/\/skillsconsulting.ma\/#website\"},\"primaryImageOfPage\":{\"@id\":\"https:\/\/skillsconsulting.ma\/index.php\/mot-du-directeur\/#primaryimage\"},\"image\":{\"@id\":\"https:\/\/skillsconsulting.ma\/index.php\/mot-du-directeur\/#primaryimage\"},\"thumbnailUrl\":\"https:\/\/skillsconsulting.ma\/wp-content\/uploads\/2025\/11\/iso27001-LA.png\",\"datePublished\":\"2025-10-01T07:04:00+00:00\",\"dateModified\":\"2025-11-11T17:45:41+00:00\",\"breadcrumb\":{\"@id\":\"https:\/\/skillsconsulting.ma\/index.php\/mot-du-directeur\/#breadcrumb\"},\"inLanguage\":\"en-US\",\"potentialAction\":[{\"@type\":\"ReadAction\",\"target\":[\"https:\/\/skillsconsulting.ma\/index.php\/mot-du-directeur\/\"]}]},{\"@type\":\"ImageObject\",\"inLanguage\":\"en-US\",\"@id\":\"https:\/\/skillsconsulting.ma\/index.php\/mot-du-directeur\/#primaryimage\",\"url\":\"https:\/\/skillsconsulting.ma\/wp-content\/uploads\/2025\/11\/iso27001-LA.png\",\"contentUrl\":\"https:\/\/skillsconsulting.ma\/wp-content\/uploads\/2025\/11\/iso27001-LA.png\",\"width\":600,\"height\":600},{\"@type\":\"BreadcrumbList\",\"@id\":\"https:\/\/skillsconsulting.ma\/index.php\/mot-du-directeur\/#breadcrumb\",\"itemListElement\":[{\"@type\":\"ListItem\",\"position\":1,\"name\":\"Home\",\"item\":\"https:\/\/skillsconsulting.ma\/\"},{\"@type\":\"ListItem\",\"position\":2,\"name\":\"Mot du Directeur\"}]},{\"@type\":\"WebSite\",\"@id\":\"https:\/\/skillsconsulting.ma\/#website\",\"url\":\"https:\/\/skillsconsulting.ma\/\",\"name\":\"Skills Campus - Audit &amp; Consulting\",\"description\":\"\",\"potentialAction\":[{\"@type\":\"SearchAction\",\"target\":{\"@type\":\"EntryPoint\",\"urlTemplate\":\"https:\/\/skillsconsulting.ma\/?s={search_term_string}\"},\"query-input\":{\"@type\":\"PropertyValueSpecification\",\"valueRequired\":true,\"valueName\":\"search_term_string\"}}],\"inLanguage\":\"en-US\"}]}<\/script>\n<!-- \/ Yoast SEO plugin. -->","yoast_head_json":{"title":"Mot du Directeur - Skills Campus - Audit &amp; Consulting","robots":{"index":"noindex","follow":"follow","max-snippet":"max-snippet:-1","max-image-preview":"max-image-preview:large","max-video-preview":"max-video-preview:-1"},"og_locale":"en_US","og_type":"article","og_title":"Mot du Directeur - Skills Campus - Audit &amp; Consulting","og_description":"Chers clients, partenaires et visiteurs, Depuis plus de 15 ans, notre cabinet accompagne les organisations dans leurs d\u00e9marches d&#8217;excellence op\u00e9rationnelle, de s\u00e9curit\u00e9 et de conformit\u00e9. Chaque jour, nous aidons des entreprises de tous secteurs \u00e0 transformer leurs d\u00e9fis en opportunit\u00e9s, leurs contraintes r\u00e9glementaires en avantages concurrentiels. Pourquoi avons-nous cr\u00e9\u00e9 ce cabinet ?\u00a0 Parce que nous [&hellip;]","og_url":"https:\/\/skillsconsulting.ma\/index.php\/mot-du-directeur\/","og_site_name":"Skills Campus - Audit &amp; Consulting","article_modified_time":"2025-11-11T17:45:41+00:00","og_image":[{"url":"https:\/\/skillsconsulting.ma\/wp-content\/uploads\/2025\/11\/iso27001-LA.png","type":"","width":"","height":""}],"twitter_card":"summary_large_image","twitter_misc":{"Est. reading time":"5 minutes"},"schema":{"@context":"https:\/\/schema.org","@graph":[{"@type":"WebPage","@id":"https:\/\/skillsconsulting.ma\/index.php\/mot-du-directeur\/","url":"https:\/\/skillsconsulting.ma\/index.php\/mot-du-directeur\/","name":"Mot du Directeur - Skills Campus - Audit &amp; Consulting","isPartOf":{"@id":"https:\/\/skillsconsulting.ma\/#website"},"primaryImageOfPage":{"@id":"https:\/\/skillsconsulting.ma\/index.php\/mot-du-directeur\/#primaryimage"},"image":{"@id":"https:\/\/skillsconsulting.ma\/index.php\/mot-du-directeur\/#primaryimage"},"thumbnailUrl":"https:\/\/skillsconsulting.ma\/wp-content\/uploads\/2025\/11\/iso27001-LA.png","datePublished":"2025-10-01T07:04:00+00:00","dateModified":"2025-11-11T17:45:41+00:00","breadcrumb":{"@id":"https:\/\/skillsconsulting.ma\/index.php\/mot-du-directeur\/#breadcrumb"},"inLanguage":"en-US","potentialAction":[{"@type":"ReadAction","target":["https:\/\/skillsconsulting.ma\/index.php\/mot-du-directeur\/"]}]},{"@type":"ImageObject","inLanguage":"en-US","@id":"https:\/\/skillsconsulting.ma\/index.php\/mot-du-directeur\/#primaryimage","url":"https:\/\/skillsconsulting.ma\/wp-content\/uploads\/2025\/11\/iso27001-LA.png","contentUrl":"https:\/\/skillsconsulting.ma\/wp-content\/uploads\/2025\/11\/iso27001-LA.png","width":600,"height":600},{"@type":"BreadcrumbList","@id":"https:\/\/skillsconsulting.ma\/index.php\/mot-du-directeur\/#breadcrumb","itemListElement":[{"@type":"ListItem","position":1,"name":"Home","item":"https:\/\/skillsconsulting.ma\/"},{"@type":"ListItem","position":2,"name":"Mot du Directeur"}]},{"@type":"WebSite","@id":"https:\/\/skillsconsulting.ma\/#website","url":"https:\/\/skillsconsulting.ma\/","name":"Skills Campus - Audit &amp; Consulting","description":"","potentialAction":[{"@type":"SearchAction","target":{"@type":"EntryPoint","urlTemplate":"https:\/\/skillsconsulting.ma\/?s={search_term_string}"},"query-input":{"@type":"PropertyValueSpecification","valueRequired":true,"valueName":"search_term_string"}}],"inLanguage":"en-US"}]}},"_links":{"self":[{"href":"https:\/\/skillsconsulting.ma\/index.php\/wp-json\/wp\/v2\/pages\/26","targetHints":{"allow":["GET"]}}],"collection":[{"href":"https:\/\/skillsconsulting.ma\/index.php\/wp-json\/wp\/v2\/pages"}],"about":[{"href":"https:\/\/skillsconsulting.ma\/index.php\/wp-json\/wp\/v2\/types\/page"}],"author":[{"embeddable":true,"href":"https:\/\/skillsconsulting.ma\/index.php\/wp-json\/wp\/v2\/users\/1"}],"replies":[{"embeddable":true,"href":"https:\/\/skillsconsulting.ma\/index.php\/wp-json\/wp\/v2\/comments?post=26"}],"version-history":[{"count":29,"href":"https:\/\/skillsconsulting.ma\/index.php\/wp-json\/wp\/v2\/pages\/26\/revisions"}],"predecessor-version":[{"id":10605,"href":"https:\/\/skillsconsulting.ma\/index.php\/wp-json\/wp\/v2\/pages\/26\/revisions\/10605"}],"wp:attachment":[{"href":"https:\/\/skillsconsulting.ma\/index.php\/wp-json\/wp\/v2\/media?parent=26"}],"curies":[{"name":"wp","href":"https:\/\/api.w.org\/{rel}","templated":true}]}}